 = -37 + 43. Suppose 12*t - 10*t = -c. Is a(t) composite?
True
Let n(r) = r**2 + 6*r + 10. Suppose 0 = 6*o - 6 + 18. Let m be n(o). Suppose -m*c - 2*b + 138 = 0, -c = 4*c + b - 337. Is c composite?
False
Let c = 5 + -1. Suppose m = 5*h - 10, 3 = -2*h - c*m + 3*m. Is (h - -542)/(1/(4 + -3)) composite?
True
Let z(s) = -69*s - 65*s - 35 - 54*s. Let d be z(-7). Let j = 374 + d. Is j composite?
True
Is (3/6)/(3/478446) prime?
False
Let v = -64 - -60. Is (-89886)/(-26) + v + (-150)/(-39) a composite number?
False
Let n(d) = -3*d**2 - 35*d + 8. Let a be n(-11). Let m = -34 + a. Is 1/(m/4688*-4) composite?
False
Suppose 2*a + 2304670 = 4*l, 0 = 5*l + 482*a - 483*a - 2880842. Is l a composite number?
True
Let y = -964 - -1554. Let f = 1157 + -828. Let m = y + f. Is m composite?
False
Suppose 984771 = -28*o + 31*o + 4*w, 4*o = -4*w + 1313020. Is o a prime number?
True
Let l = 275013 + -128500. Is l a composite number?
False
Suppose 5*b = -v + 3683588, -1039*v + 736720 = b - 1038*v. Is b a composite number?
False
Is ((-33676)/(-16))/((-3)/(-12)) a prime number?
True
Suppose -58*n = -60*n - 61318. Let l = -20724 - n. Is l composite?
True
Let l(j) = 8*j + 72. Let g be l(13). Suppose 5*d + 112 = 5*n - 443, -5*n - 4*d = -519. Let t = g - n. Is t composite?
True
Let y be 1/(-2)*(39/3 - -5). Let c be (-130)/(-3) - 8/24. Is c/2*(-18)/y a composite number?
False
Suppose 10 + 6 = 4*v. Suppose -2658 = -5*m - c + 4153, -3*m - v*c + 4090 = 0. Is -1 + 3 + -3 + m prime?
True
Let o(w) = -5*w - 151. Let j be o(-35). Suppose j*p + 12369 = 4*c + 23*p, 4*c + 4*p - 12344 = 0. Is c composite?
True
Suppose 102341 + 62285 = 14*n. Is n composite?
True
Is (1/2)/(26/2474524 + (-4 - -4)) prime?
False
Let y be -46*((-5 - 1) + 4). Let m = 97 - y. Suppose 1023 = -m*h + 16*h. Is h composite?
True
Let m(u) = 116*u**2 + 10*u + 41. Let o = 52 - 55. Is m(o) a prime number?
False
Let s be 0*(30/9 + -3). Suppose 4*l - 3*d - 32992 = s, 2*d - 12 = -d. Is l prime?
False
Suppose 33*c - 54013 = 77393. Let r = 22355 - c. Is r a composite number?
True
Suppose 18*w = 35 + 55. Let r(s) be the first derivative of 16*s**2 + 3*s - 1. Is r(w) prime?
True
Let k = -212 + 300. Let v be 7*(-4 - k/(-28)). Let c(g) = 4*g**2 + 2*g - 5. Is c(v) prime?
True
Suppose 2*y + 20 = -3*y, -d - 3*y = -59. Suppose -2*b + k + 306 = 0, 5*b = -3*k - 197 + 951. Suppose b = z - d. Is z prime?
True
Let i(c) = -13*c**2 + 7*c + 5. Let x be i(-7). Suppose -9*v = -11307 - 4371. Let b = x + v. Is b composite?
False
Suppose -5*s - t - 2*t = -280520, 0 = -6*t - 30. Suppose -10*r + s = -25803. Is r a composite number?
False
Suppose 80*y + 186*y = 126674254. Is y prime?
True
Let j(d) = 1364*d**2 + 18*d - 19. Is j(-9) a composite number?
True
Suppose 6*r - 10*r + 8 = 0. Let j = 4490 + -2636. Suppose 4*n + r*n = j. Is n composite?
True
Suppose -8077682 - 4495710 = -208*l. Is l a prime number?
True
Let p = -21 + 26. Suppose 5*w - 2917 = -3*f, -f + 823 = -p*w - 176. Let y = f + 222. Is y a prime number?
True
Let u = 2809792 + -1968065. Is u a prime number?
True
Let f(a) be the third derivative of a**8/630 - 13*a**6/720 - 11*a**5/60 + 14*a**2. Let n(z) be the third derivative of f(z). Is n(-4) prime?
True
Let z = -815 - -820. Suppose 11192 = z*w + 957. Is w a prime number?
False
Let c be 5/4 + -1 + 18/24. Let w be c/4 + 6/(-24). Let r(l) = -3*l + 647. Is r(w) composite?
False
Let f(n) = -7*n - 15. Let l be f(-4). Let z(h) = -9*h**2 - 10 - 5 + h**3 + l*h + 12. Is z(14) a composite number?
True
Suppose -13 + 1 = -r - 4*l, 6 = r + 2*l. Suppose -10*i + 0 + 30 = r. Is 1655 + ((-1)/i)/((-3)/18) a composite number?
False
Let i be (-1)/(-2*6/60). Suppose 1083 = 8*j - i*j. Is j a composite number?
True
Let t(d) = d**2 + 19*d - 19. Let g = 36 + -57. Let r be t(g). Suppose -r*w + 15775 = -18*w. Is w a prime number?
False
Suppose 0 = t - 279*d + 280*d - 15673, -2*t = -5*d - 31346. Is t a composite number?
True
Suppose -2*u - 4*h = 4262, 6398 = u - 4*u - 5*h. Let p be (-47 - -4)*-79 - (-4 + 1). Let t = p + u. Is t a composite number?
False
Is (6*(-1189669)/(-390))/(1/5) a composite number?
False
Is (-84)/182 + 1120917/39 a composite number?
True
Let y(w) = 41*w**3 + 25*w**2 - 29*w - 35. Let p be y(-23). Is (p/165)/(4/(-6)) a composite number?
False
Suppose 0*i + 6*i = 2*i. Let t be (i - -1)/(1/(4/2)). Suppose -3*p + 437 = t*s - 0*p, -3*s = 2*p - 643. Is s composite?
False
Suppose t + 2028443 = 4*r, 5*t + 287175 = 2*r - 727078. Is r a composite number?
False
Let i(c) = c**3 - 2*c**2 - 4*c - 12. Suppose -8*m + 3*m = 270. Let v = m + 59. Is i(v) composite?
False
Let x(h) = 14 - 318*h + 19 - 8. Is x(-12) prime?
False
Let x = -56526 + 870565. Is x prime?
False
Suppose 4*z - 3377656 = 1000*j - 996*j, z + 3*j - 844394 = 0. Is z prime?
False
Is 6*277919*(-692)/(-4152) a prime number?
True
Let i = 4783 + 2150. Suppose 3*r - 23866 = -5*m, 3*r = 5*m - 32816 + 8962. Let n = i - m. Is n a prime number?
True
Let t(l) = l**3 - 12*l**2 - l + 9. Let m be t(12). Let k be 1492 + m/((-3)/4). Suppose h = -7*h + k. Is h a prime number?
False
Suppose -t + 235 - 7 = 0. Suppose -190 = 3*o + 59. Let k = t + o. Is k a composite number?
True
Suppose -1733753 - 1071451 = -204*f. Is f a prime number?
True
Suppose -4*x = -4*l - 9740, x - 981 - 1459 = -4*l. Suppose 1243 - 272 = 2*q - 3*r, -r = 5*q - x. Is q composite?
False
Suppose 2*w = 2*v + 51646, -4*v - 51654 = -13*w + 11*w. Is w a composite number?
False
Let g be (4 - (-88)/(-11)) + (5 - 1). Suppose g = -9*n - 6*n + 232365. Is n a composite number?
True
Let v(p) = -p**2 - 29*p - 44. Let z be v(-27). Let g(a) = 116*a + 21. Is g(z) a composite number?
False
Let a(x) = -39*x**2 - 47*x - 109. Let f be a(-31). Let z = 61986 + f. Is z a prime number?
False
Let u be 65/(-25) + (-1)/((-5)/(-2)). Is u/(-12) - 15057/(-12) a composite number?
True
Suppose -2559 = f + 3*x, 5*f = -4*x + 6*x - 12846. Let g = f - -4710. Let s = -859 + g. Is s a composite number?
False
Let f be (22/44)/(2/12). Is f + (4/2 - -3842) a composite number?
False
Suppose 5*k = 9*k - 3288. Suppose -18 = -0*n - 5*n + x, -4*n = -3*x - 21. Suppose n*b = k + 159. Is b composite?
True
Suppose 0 = -z + f - 5*f - 25, 3*z - 3*f = -105. Let l = 144 + z. Suppose 11*y - 14*y = -l. Is y composite?
False
Let r be 13/((-273)/826)*147. Let h = 8724 + r. Is h a composite number?
True
Let p(r) = 17*r + 37 + 10*r**3 - 11*r**3 + 18 - 4*r**2. Is p(-10) prime?
False
Is ((-2)/(-3))/((-4933162)/411099 - -12) composite?
True
Suppose -z + 622444 = -5*d, 172*d - 2489861 = -4*z + 175*d. Is z prime?
False
Suppose 9*b + 5*t - 5 = 10*b, -4*b - 4*t + 52 = 0. Suppose -4*r + 12341 = x, -4*x - b*r + 6*r + 49400 = 0. Is x a prime number?
False
Suppose -w = -s - 46159, 7*w - 184624 = 3*w - 2*s. Is w composite?
True
Suppose -3*u + 3 = y - 2, -u + 4*y + 6 = 0. Suppose 2398 = u*m - 3240. Is m a composite number?
False
Let z(h) = 3*h**3 + 12*h**2 - 7*h + 14. Let r(v) = -6*v**3 - 24*v**2 + 14*v - 27. Let t(l) = -6*r(l) - 11*z(l). Let s be t(-6). Let k = 563 + s. Is k prime?
True
Let j = -23098 - -35393. Suppose 3*g + 3730 - j = 0. Suppose 2*l = 5*q - g, -q - l - l = -583. Is q a composite number?
True
Let x(h) = 27*h + 105. Let c(g) = 5*g + 21. Let d(u) = -11*c(u) + 2*x(u). Let n be d(-23). Suppose -5*o + 2757 = -n*o. Is o prime?
True
Let q be ((-9901)/(-2) + 0)/(2/4). Let c = q - -2908. Is c composite?
False
Let l(w) = 38*w**2 - 149*w + 164. Is l(33) a composite number?
False
Let d(q) = 183439*q**2 + 20*q - 22. Is d(1) a composite number?
False
Is (-81)/45*15*669111/(-27) composite?
True
Let s(g) = 1001*g**2 - 88*g + 343. Is s(4) prime?
True
Suppose 0 = -4*b - 5*t + 10275, -t - 5155 = -2*b - 0*b. Suppose -4*l - 3*g + 7270 = 0, -b = -4*l + 4*g + 4709. Is l a prime number?
False
Let b be (-2 + -16)*1/(-2). Suppose 2*z - b - 23 = 2*a, 0 = z + 5*a - 10. Let t = z - -6. Is t composite?
True
Is -15 + 561435 + -23 + 4 composite?
True
Suppose -106*b - 1151753 = -7243255. Is b composite?
False
Let v be (942/10)/(2286/570 - 4). Let c = 23310 - v. Is c composite?
True
Let h(d) = 3*d**2 - 8*d + 9. Let i be h(2). Suppose m + 2*w - 5*w - 7184 = 0, -m + i*w + 7178 = 0. Is m a composite number?
False
Suppose 2*k = -5*j + 277 + 116, 0 = 4*k + 4. Suppose 30393 = -70*c + j*c. Is c composite?
True
Let x(p) = 20173*p - 5258.